{"id":9364,"date":"2024-12-20T14:51:32","date_gmt":"2024-12-20T13:51:32","guid":{"rendered":"https:\/\/goriziane.vps01-multiways.it\/mro\/?page_id=9364"},"modified":"2025-04-03T13:33:01","modified_gmt":"2025-04-03T11:33:01","slug":"competenze","status":"publish","type":"page","link":"https:\/\/www.goriziane.it\/mro\/competenze\/","title":{"rendered":"Competenze"},"content":{"rendered":"\t\t<div data-elementor-type=\"wp-page\" data-elementor-id=\"9364\" class=\"elementor elementor-9364\">\n\t\t\t\t\t\t<section class=\"elementor-section elementor-top-section elementor-element elementor-element-8ab5842 elementor-section-full_width qodef-elementor-content-grid elementor-section-height-default elementor-section-height-default\" data-id=\"8ab5842\" data-element_type=\"section\" data-settings=\"{&quot;background_background&quot;:&quot;classic&quot;}\">\n\t\t\t\t\t\t<div class=\"elementor-container elementor-column-gap-default\">\n\t\t\t\t\t<div class=\"elementor-column elementor-col-100 elementor-top-column elementor-element elementor-element-21a0e6d\" data-id=\"21a0e6d\" data-element_type=\"column\">\n\t\t\t<div class=\"elementor-widget-wrap elementor-element-populated\">\n\t\t\t\t\t\t<div class=\"elementor-element elementor-element-944df47 elementor-widget elementor-widget-manufaktursolutions_core_section_title\" data-id=\"944df47\" data-element_type=\"widget\" data-widget_type=\"manufaktursolutions_core_section_title.default\">\n\t\t\t\t<div class=\"elementor-widget-container\">\n\t\t\t<div class=\"qodef-shortcode qodef-m  qodef-section-title qodef-alignment--left qodef-title-break--disabled  \">\n\t\t<p class=\"qodef-m-highlight-text\" style=\"color: #FFFFFF;margin-bottom: 25px\">Come operiamo<\/p>\n\t\t<h1 class=\"qodef-m-title\" style=\"color: #FFFFFF\">\n\t\t\t\t\tCompetenze\t\t\t<\/h1>\n\t\t<\/div>\n\t\t<\/div>\n\t\t\t\t<\/div>\n\t\t\t\t\t<\/div>\n\t\t<\/div>\n\t\t\t\t\t<\/div>\n\t\t<\/section>\n\t\t\t\t<section class=\"elementor-section elementor-top-section elementor-element elementor-element-44d9185 elementor-section-full_width qodef-elementor-content-grid elementor-section-height-default elementor-section-height-default\" data-id=\"44d9185\" data-element_type=\"section\" data-settings=\"{&quot;background_background&quot;:&quot;classic&quot;}\">\n\t\t\t\t\t\t\t<div class=\"elementor-background-overlay\"><\/div>\n\t\t\t\t\t\t\t<div class=\"elementor-container elementor-column-gap-default\">\n\t\t\t\t\t<div class=\"elementor-column elementor-col-50 elementor-top-column elementor-element elementor-element-7b7d6d7\" data-id=\"7b7d6d7\" data-element_type=\"column\">\n\t\t\t<div class=\"elementor-widget-wrap elementor-element-populated\">\n\t\t\t\t\t\t<div class=\"elementor-element elementor-element-92b0a15 elementor-widget elementor-widget-manufaktursolutions_core_section_title\" data-id=\"92b0a15\" data-element_type=\"widget\" data-widget_type=\"manufaktursolutions_core_section_title.default\">\n\t\t\t\t<div class=\"elementor-widget-container\">\n\t\t\t<div class=\"qodef-shortcode qodef-m  qodef-section-title qodef-alignment--left qodef-title-break--disabled  \">\n\t\t\t<h2 class=\"qodef-m-title\" style=\"color: #0F5EA5\">\n\t\t\t\t\tCompetenze tecnologiche<br \/> al servizio del cliente\t\t\t<\/h2>\n\t\t<\/div>\n\t\t<\/div>\n\t\t\t\t<\/div>\n\t\t\t\t<div class=\"elementor-element elementor-element-3df3ac0 elementor-widget elementor-widget-manufaktursolutions_core_button\" data-id=\"3df3ac0\" data-element_type=\"widget\" data-widget_type=\"manufaktursolutions_core_button.default\">\n\t\t\t\t<div class=\"elementor-widget-container\">\n\t\t\t<a class=\"qodef-shortcode qodef-m  qodef-button qodef-layout--filled  qodef-html--link\" href=\"\/mro\/wp-content\/uploads\/sites\/2\/2024\/11\/GOR_brochure_MRO_low.pdf\" target=\"_blank\"  style=\"color: #FFFFFF\">\n\t<span class=\"qodef-m-text\">Download Brochure<\/span>\n\t<span class=\"qodef-m-button-arrow-holder\" >\n        <svg class=\"qodef-svg--button-arrow\" xmlns=\"http:\/\/www.w3.org\/2000\/svg\" width=\"17.65\" height=\"13.1\"\n     viewBox=\"0 0 17.65 13.1\"><path d=\"m11.75 13.1-1.275-1.275L14.1 8.2l.85-.575-.1-.3-1.025.125H0V5.625h13.825l1.025.15.1-.3-.85-.575-3.625-3.625L11.75 0l5.9 5.9v1.3Z\"\/><path d=\"m11.75 13.1-1.275-1.275L14.1 8.2l.85-.575-.1-.3-1.025.125H0V5.625h13.825l1.025.15.1-.3-.85-.575-3.625-3.625L11.75 0l5.9 5.9v1.3Z\"\/><\/svg>    <\/span>\n<\/a>\n\t\t<\/div>\n\t\t\t\t<\/div>\n\t\t\t\t\t<\/div>\n\t\t<\/div>\n\t\t\t\t<div class=\"elementor-column elementor-col-50 elementor-top-column elementor-element elementor-element-85af184\" data-id=\"85af184\" data-element_type=\"column\">\n\t\t\t<div class=\"elementor-widget-wrap elementor-element-populated\">\n\t\t\t\t\t\t<div class=\"elementor-element elementor-element-d423996 elementor-widget elementor-widget-manufaktursolutions_core_section_title\" data-id=\"d423996\" data-element_type=\"widget\" data-widget_type=\"manufaktursolutions_core_section_title.default\">\n\t\t\t\t<div class=\"elementor-widget-container\">\n\t\t\t<div class=\"qodef-shortcode qodef-m  qodef-section-title qodef-alignment--left   \">\n\t\t\t\t\t<p class=\"qodef-m-text\" style=\"margin-top: 10px\">Goriziane \u00e8 specializzata nella revisione, riparazione, manutenzione di una vasta gamma di veicoli militari pesanti e leggeri, veicoli ruotati, blindati, cingolati e gommati, semoventi o rimorchiati.\n<\/p>\n<\/div>\n\t\t<\/div>\n\t\t\t\t<\/div>\n\t\t\t\t<div class=\"elementor-element elementor-element-613fbaf elementor-widget elementor-widget-manufaktursolutions_core_section_title\" data-id=\"613fbaf\" data-element_type=\"widget\" data-widget_type=\"manufaktursolutions_core_section_title.default\">\n\t\t\t\t<div class=\"elementor-widget-container\">\n\t\t\t<div class=\"qodef-shortcode qodef-m  qodef-section-title qodef-alignment--left   \">\n\t\t\t\t\t<p class=\"qodef-m-text\" style=\"margin-top: 10px\">Goriziane \u00e8 responsabile dell\u2019intero processo di revisione poich\u00e9 tutte le attivit\u00e0 sono svolte internamente.<\/p>\n<\/div>\n\t\t<\/div>\n\t\t\t\t<\/div>\n\t\t\t\t\t<\/div>\n\t\t<\/div>\n\t\t\t\t\t<\/div>\n\t\t<\/section>\n\t\t\t\t<section class=\"elementor-section elementor-top-section elementor-element elementor-element-6bd8c1b elementor-section-full_width qodef-elementor-content-grid elementor-section-height-default elementor-section-height-default\" data-id=\"6bd8c1b\" data-element_type=\"section\" data-settings=\"{&quot;background_background&quot;:&quot;classic&quot;}\">\n\t\t\t\t\t\t<div class=\"elementor-container elementor-column-gap-default\">\n\t\t\t\t\t<div class=\"elementor-column elementor-col-100 elementor-top-column elementor-element elementor-element-d8293ef\" data-id=\"d8293ef\" data-element_type=\"column\">\n\t\t\t<div class=\"elementor-widget-wrap elementor-element-populated\">\n\t\t\t\t\t\t<div class=\"elementor-element elementor-element-28ed3f3 elementor-widget elementor-widget-manufaktursolutions_core_banner\" data-id=\"28ed3f3\" data-element_type=\"widget\" data-widget_type=\"manufaktursolutions_core_banner.default\">\n\t\t\t\t<div class=\"elementor-widget-container\">\n\t\t\t<div class=\"qodef-shortcode qodef-m banner-soluzioni qodef-banner qodef-layout--link-button qodef-skin--light qodef-enable-top-border--yes qodef-disable-line-break--yes qodef-has-appear\">\n\t<div class=\"qodef-m-image\">\n\t<img fetchpriority=\"high\" decoding=\"async\" width=\"1352\" height=\"511\" src=\"https:\/\/www.goriziane.it\/mro\/wp-content\/uploads\/sites\/2\/2024\/12\/capacita-mro-1.jpg\" class=\"attachment-full size-full\" alt=\"\" srcset=\"https:\/\/www.goriziane.it\/mro\/wp-content\/uploads\/sites\/2\/2024\/12\/capacita-mro-1.jpg 1352w, https:\/\/www.goriziane.it\/mro\/wp-content\/uploads\/sites\/2\/2024\/12\/capacita-mro-1-300x113.jpg 300w, https:\/\/www.goriziane.it\/mro\/wp-content\/uploads\/sites\/2\/2024\/12\/capacita-mro-1-1024x387.jpg 1024w, https:\/\/www.goriziane.it\/mro\/wp-content\/uploads\/sites\/2\/2024\/12\/capacita-mro-1-768x290.jpg 768w\" sizes=\"(max-width: 1352px) 100vw, 1352px\" \/><\/div>\n\t<div class=\"qodef-m-content\">\n\t\t<div class=\"qodef-m-content-inner\">\n\t\t\t\t\t\t    <div class=\"qodef-m-title-wrapper\">\n        <h3 class=\"qodef-m-title\" style=\"margin-top: 2px\">\n         \tMRO<br \/>        <\/h3>\n\t<\/div>\n\t\t\t\t<p class=\"qodef-m-text\" style=\"color: #FFFFFF\">\n\t\tTutte le attivit\u00e0 di verifica, test e collaudo sono svolte all&#039;interno del nostro stabilimento.\t<\/p>\n\t\t\t\t<div class=\"qodef-m-button\">\n\t\t<a class=\"qodef-shortcode qodef-m  qodef-button qodef-layout--filled  qodef-html--link\" href=\"\/mro\/competenze\/reparti-mro-settore-difesa\/\" target=\"_self\"  style=\"background-color: #0F5EA5;margin: 20px 0px 12px 0px\">\t<span class=\"qodef-m-text\">Scopri<\/span>\t<span class=\"qodef-m-button-arrow-holder\" >        <svg class=\"qodef-svg--button-arrow\" xmlns=\"http:\/\/www.w3.org\/2000\/svg\" width=\"17.65\" height=\"13.1\"     viewBox=\"0 0 17.65 13.1\"><path d=\"m11.75 13.1-1.275-1.275L14.1 8.2l.85-.575-.1-.3-1.025.125H0V5.625h13.825l1.025.15.1-.3-.85-.575-3.625-3.625L11.75 0l5.9 5.9v1.3Z\"\/><path d=\"m11.75 13.1-1.275-1.275L14.1 8.2l.85-.575-.1-.3-1.025.125H0V5.625h13.825l1.025.15.1-.3-.85-.575-3.625-3.625L11.75 0l5.9 5.9v1.3Z\"\/><\/svg>    <\/span><\/a>\t<\/div>\n\t\t<\/div>\n\t<\/div>\n<\/div>\n\t\t<\/div>\n\t\t\t\t<\/div>\n\t\t\t\t\t<\/div>\n\t\t<\/div>\n\t\t\t\t\t<\/div>\n\t\t<\/section>\n\t\t\t\t<section class=\"elementor-section elementor-top-section elementor-element elementor-element-2a7e547 elementor-section-full_width qodef-elementor-content-grid elementor-section-height-default elementor-section-height-default\" data-id=\"2a7e547\" data-element_type=\"section\" data-settings=\"{&quot;background_background&quot;:&quot;classic&quot;}\">\n\t\t\t\t\t\t<div class=\"elementor-container elementor-column-gap-default\">\n\t\t\t\t\t<div class=\"elementor-column elementor-col-100 elementor-top-column elementor-element elementor-element-6accc4f\" data-id=\"6accc4f\" data-element_type=\"column\">\n\t\t\t<div class=\"elementor-widget-wrap elementor-element-populated\">\n\t\t\t\t\t\t<div class=\"elementor-element elementor-element-da0ce33 elementor-widget elementor-widget-manufaktursolutions_core_banner\" data-id=\"da0ce33\" data-element_type=\"widget\" data-widget_type=\"manufaktursolutions_core_banner.default\">\n\t\t\t\t<div class=\"elementor-widget-container\">\n\t\t\t<div class=\"qodef-shortcode qodef-m banner-soluzioni qodef-banner qodef-layout--link-button qodef-skin--light qodef-enable-top-border--yes qodef-disable-line-break--yes qodef-has-appear\">\n\t<div class=\"qodef-m-image\">\n\t<img decoding=\"async\" width=\"1352\" height=\"511\" src=\"https:\/\/www.goriziane.it\/mro\/wp-content\/uploads\/sites\/2\/2024\/12\/logistica-mro.jpg\" class=\"attachment-full size-full\" alt=\"\" srcset=\"https:\/\/www.goriziane.it\/mro\/wp-content\/uploads\/sites\/2\/2024\/12\/logistica-mro.jpg 1352w, https:\/\/www.goriziane.it\/mro\/wp-content\/uploads\/sites\/2\/2024\/12\/logistica-mro-300x113.jpg 300w, https:\/\/www.goriziane.it\/mro\/wp-content\/uploads\/sites\/2\/2024\/12\/logistica-mro-1024x387.jpg 1024w, https:\/\/www.goriziane.it\/mro\/wp-content\/uploads\/sites\/2\/2024\/12\/logistica-mro-768x290.jpg 768w\" sizes=\"(max-width: 1352px) 100vw, 1352px\" \/><\/div>\n\t<div class=\"qodef-m-content\">\n\t\t<div class=\"qodef-m-content-inner\">\n\t\t\t\t\t\t    <div class=\"qodef-m-title-wrapper\">\n        <h3 class=\"qodef-m-title\" style=\"margin-top: 2px\">\n         \tILS        <\/h3>\n\t<\/div>\n\t\t\t\t<p class=\"qodef-m-text\" style=\"color: #FFFFFF\">\n\t\tStoccaggio ricambi,  logistica integrata per la gestione dei materiali e gestione obsolescenze.\t<\/p>\n\t\t\t\t<div class=\"qodef-m-button\">\n\t\t<a class=\"qodef-shortcode qodef-m  qodef-button qodef-layout--filled  qodef-html--link\" href=\"\/mro\/competenze\/supporto-logistico-integrato\" target=\"_self\"  style=\"background-color: #0F5EA5;margin: 20px 0px 12px 0px\">\t<span class=\"qodef-m-text\">Scopri<\/span>\t<span class=\"qodef-m-button-arrow-holder\" >        <svg class=\"qodef-svg--button-arrow\" xmlns=\"http:\/\/www.w3.org\/2000\/svg\" width=\"17.65\" height=\"13.1\"     viewBox=\"0 0 17.65 13.1\"><path d=\"m11.75 13.1-1.275-1.275L14.1 8.2l.85-.575-.1-.3-1.025.125H0V5.625h13.825l1.025.15.1-.3-.85-.575-3.625-3.625L11.75 0l5.9 5.9v1.3Z\"\/><path d=\"m11.75 13.1-1.275-1.275L14.1 8.2l.85-.575-.1-.3-1.025.125H0V5.625h13.825l1.025.15.1-.3-.85-.575-3.625-3.625L11.75 0l5.9 5.9v1.3Z\"\/><\/svg>    <\/span><\/a>\t<\/div>\n\t\t<\/div>\n\t<\/div>\n<\/div>\n\t\t<\/div>\n\t\t\t\t<\/div>\n\t\t\t\t\t<\/div>\n\t\t<\/div>\n\t\t\t\t\t<\/div>\n\t\t<\/section>\n\t\t\t\t<section class=\"elementor-section elementor-top-section elementor-element elementor-element-3ba4050 elementor-section-full_width qodef-elementor-content-grid elementor-section-height-default elementor-section-height-default\" data-id=\"3ba4050\" data-element_type=\"section\" data-settings=\"{&quot;background_background&quot;:&quot;classic&quot;}\">\n\t\t\t\t\t\t<div class=\"elementor-container elementor-column-gap-default\">\n\t\t\t\t\t<div class=\"elementor-column elementor-col-100 elementor-top-column elementor-element elementor-element-9140974\" data-id=\"9140974\" data-element_type=\"column\">\n\t\t\t<div class=\"elementor-widget-wrap elementor-element-populated\">\n\t\t\t\t\t\t<div class=\"elementor-element elementor-element-f1e094b elementor-widget elementor-widget-manufaktursolutions_core_banner\" data-id=\"f1e094b\" data-element_type=\"widget\" data-widget_type=\"manufaktursolutions_core_banner.default\">\n\t\t\t\t<div class=\"elementor-widget-container\">\n\t\t\t<div class=\"qodef-shortcode qodef-m banner-soluzioni qodef-banner qodef-layout--link-button qodef-skin--light qodef-enable-top-border--yes qodef-disable-line-break--yes qodef-has-appear\">\n\t<div class=\"qodef-m-image\">\n\t<img decoding=\"async\" width=\"1352\" height=\"511\" src=\"https:\/\/www.goriziane.it\/mro\/wp-content\/uploads\/sites\/2\/2025\/01\/capacita-supporto.jpg\" class=\"attachment-full size-full\" alt=\"\" srcset=\"https:\/\/www.goriziane.it\/mro\/wp-content\/uploads\/sites\/2\/2025\/01\/capacita-supporto.jpg 1352w, https:\/\/www.goriziane.it\/mro\/wp-content\/uploads\/sites\/2\/2025\/01\/capacita-supporto-300x113.jpg 300w, https:\/\/www.goriziane.it\/mro\/wp-content\/uploads\/sites\/2\/2025\/01\/capacita-supporto-1024x387.jpg 1024w, https:\/\/www.goriziane.it\/mro\/wp-content\/uploads\/sites\/2\/2025\/01\/capacita-supporto-768x290.jpg 768w\" sizes=\"(max-width: 1352px) 100vw, 1352px\" \/><\/div>\n\t<div class=\"qodef-m-content\">\n\t\t<div class=\"qodef-m-content-inner\">\n\t\t\t\t\t\t    <div class=\"qodef-m-title-wrapper\">\n        <h3 class=\"qodef-m-title\" style=\"margin-top: 2px\">\n         \tAssistenza e supporto        <\/h3>\n\t<\/div>\n\t\t\t\t<p class=\"qodef-m-text\" style=\"color: #FFFFFF\">\n\t\tAssistenza a 360\u00b0 sia in italia che in loco.\t<\/p>\n\t\t\t\t<div class=\"qodef-m-button\">\n\t\t<a class=\"qodef-shortcode qodef-m  qodef-button qodef-layout--filled  qodef-html--link\" href=\"\/mro\/competenze\/assistenza-e-supporto\" target=\"_self\"  style=\"background-color: #0F5EA5;margin: 20px 0px 12px 0px\">\t<span class=\"qodef-m-text\">Scopri<\/span>\t<span class=\"qodef-m-button-arrow-holder\" >        <svg class=\"qodef-svg--button-arrow\" xmlns=\"http:\/\/www.w3.org\/2000\/svg\" width=\"17.65\" height=\"13.1\"     viewBox=\"0 0 17.65 13.1\"><path d=\"m11.75 13.1-1.275-1.275L14.1 8.2l.85-.575-.1-.3-1.025.125H0V5.625h13.825l1.025.15.1-.3-.85-.575-3.625-3.625L11.75 0l5.9 5.9v1.3Z\"\/><path d=\"m11.75 13.1-1.275-1.275L14.1 8.2l.85-.575-.1-.3-1.025.125H0V5.625h13.825l1.025.15.1-.3-.85-.575-3.625-3.625L11.75 0l5.9 5.9v1.3Z\"\/><\/svg>    <\/span><\/a>\t<\/div>\n\t\t<\/div>\n\t<\/div>\n<\/div>\n\t\t<\/div>\n\t\t\t\t<\/div>\n\t\t\t\t\t<\/div>\n\t\t<\/div>\n\t\t\t\t\t<\/div>\n\t\t<\/section>\n\t\t\t\t<\/div>\n\t\t","protected":false},"excerpt":{"rendered":"<p>Come operiamo Competenze Competenze tecnologiche al servizio del cliente Download Brochure Goriziane \u00e8 specializzata nella revisione, riparazione, manutenzione di una vasta gamma di veicoli militari pesanti e leggeri, veicoli ruotati, blindati, cingolati e gommati, semoventi o rimorchiati. Goriziane \u00e8 responsabile dell\u2019intero processo di revisione poich\u00e9 tutte le attivit\u00e0 sono svolte internamente. MRO Tutte le attivit\u00e0 [&hellip;]<\/p>\n","protected":false},"author":1,"featured_media":0,"parent":0,"menu_order":0,"comment_status":"closed","ping_status":"closed","template":"page-full-width.php","meta":{"footnotes":""},"class_list":["post-9364","page","type-page","status-publish","hentry"],"yoast_head":"<!-- This site is optimized with the Yoast SEO plugin v25.0 - https:\/\/yoast.com\/wordpress\/plugins\/seo\/ -->\n<title>Competenze - Maintenance, Repair and Overhaul<\/title>\n<meta name=\"robots\" content=\"index, follow, max-snippet:-1, max-image-preview:large, max-video-preview:-1\" \/>\n<link rel=\"canonical\" href=\"https:\/\/www.goriziane.it\/mro\/competenze\/\" \/>\n<meta property=\"og:locale\" content=\"it_IT\" \/>\n<meta property=\"og:type\" content=\"article\" \/>\n<meta property=\"og:title\" content=\"Competenze - Maintenance, Repair and Overhaul\" \/>\n<meta property=\"og:description\" content=\"Come operiamo Competenze Competenze tecnologiche al servizio del cliente Download Brochure Goriziane \u00e8 specializzata nella revisione, riparazione, manutenzione di una vasta gamma di veicoli militari pesanti e leggeri, veicoli ruotati, blindati, cingolati e gommati, semoventi o rimorchiati. Goriziane \u00e8 responsabile dell\u2019intero processo di revisione poich\u00e9 tutte le attivit\u00e0 sono svolte internamente. MRO Tutte le attivit\u00e0 [&hellip;]\" \/>\n<meta property=\"og:url\" content=\"https:\/\/www.goriziane.it\/mro\/competenze\/\" \/>\n<meta property=\"og:site_name\" content=\"Maintenance, Repair and Overhaul\" \/>\n<meta property=\"article:modified_time\" content=\"2025-04-03T11:33:01+00:00\" \/>\n<meta property=\"og:image\" content=\"https:\/\/www.goriziane.it\/mro\/wp-content\/uploads\/sites\/2\/2024\/12\/capacita-mro-1.jpg\" \/>\n<meta name=\"twitter:card\" content=\"summary_large_image\" \/>\n<meta name=\"twitter:label1\" content=\"Tempo di lettura stimato\" \/>\n\t<meta name=\"twitter:data1\" content=\"2 minuti\" \/>\n<script type=\"application\/ld+json\" class=\"yoast-schema-graph\">{\"@context\":\"https:\/\/schema.org\",\"@graph\":[{\"@type\":\"WebPage\",\"@id\":\"https:\/\/www.goriziane.it\/mro\/competenze\/\",\"url\":\"https:\/\/www.goriziane.it\/mro\/competenze\/\",\"name\":\"Competenze - Maintenance, Repair and Overhaul\",\"isPartOf\":{\"@id\":\"https:\/\/www.goriziane.it\/mro\/#website\"},\"primaryImageOfPage\":{\"@id\":\"https:\/\/www.goriziane.it\/mro\/competenze\/#primaryimage\"},\"image\":{\"@id\":\"https:\/\/www.goriziane.it\/mro\/competenze\/#primaryimage\"},\"thumbnailUrl\":\"https:\/\/www.goriziane.it\/mro\/wp-content\/uploads\/sites\/2\/2024\/12\/capacita-mro-1.jpg\",\"datePublished\":\"2024-12-20T13:51:32+00:00\",\"dateModified\":\"2025-04-03T11:33:01+00:00\",\"breadcrumb\":{\"@id\":\"https:\/\/www.goriziane.it\/mro\/competenze\/#breadcrumb\"},\"inLanguage\":\"it-IT\",\"potentialAction\":[{\"@type\":\"ReadAction\",\"target\":[\"https:\/\/www.goriziane.it\/mro\/competenze\/\"]}]},{\"@type\":\"ImageObject\",\"inLanguage\":\"it-IT\",\"@id\":\"https:\/\/www.goriziane.it\/mro\/competenze\/#primaryimage\",\"url\":\"https:\/\/www.goriziane.it\/mro\/wp-content\/uploads\/sites\/2\/2024\/12\/capacita-mro-1.jpg\",\"contentUrl\":\"https:\/\/www.goriziane.it\/mro\/wp-content\/uploads\/sites\/2\/2024\/12\/capacita-mro-1.jpg\",\"width\":1352,\"height\":511},{\"@type\":\"BreadcrumbList\",\"@id\":\"https:\/\/www.goriziane.it\/mro\/competenze\/#breadcrumb\",\"itemListElement\":[{\"@type\":\"ListItem\",\"position\":1,\"name\":\"Home\",\"item\":\"https:\/\/www.goriziane.it\/mro\/\"},{\"@type\":\"ListItem\",\"position\":2,\"name\":\"Competenze\"}]},{\"@type\":\"WebSite\",\"@id\":\"https:\/\/www.goriziane.it\/mro\/#website\",\"url\":\"https:\/\/www.goriziane.it\/mro\/\",\"name\":\"Maintenance, Repair and Overhaul\",\"description\":\"\",\"potentialAction\":[{\"@type\":\"SearchAction\",\"target\":{\"@type\":\"EntryPoint\",\"urlTemplate\":\"https:\/\/www.goriziane.it\/mro\/?s={search_term_string}\"},\"query-input\":{\"@type\":\"PropertyValueSpecification\",\"valueRequired\":true,\"valueName\":\"search_term_string\"}}],\"inLanguage\":\"it-IT\"}]}<\/script>\n<!-- \/ Yoast SEO plugin. -->","yoast_head_json":{"title":"Competenze - Maintenance, Repair and Overhaul","robots":{"index":"index","follow":"follow","max-snippet":"max-snippet:-1","max-image-preview":"max-image-preview:large","max-video-preview":"max-video-preview:-1"},"canonical":"https:\/\/www.goriziane.it\/mro\/competenze\/","og_locale":"it_IT","og_type":"article","og_title":"Competenze - Maintenance, Repair and Overhaul","og_description":"Come operiamo Competenze Competenze tecnologiche al servizio del cliente Download Brochure Goriziane \u00e8 specializzata nella revisione, riparazione, manutenzione di una vasta gamma di veicoli militari pesanti e leggeri, veicoli ruotati, blindati, cingolati e gommati, semoventi o rimorchiati. Goriziane \u00e8 responsabile dell\u2019intero processo di revisione poich\u00e9 tutte le attivit\u00e0 sono svolte internamente. MRO Tutte le attivit\u00e0 [&hellip;]","og_url":"https:\/\/www.goriziane.it\/mro\/competenze\/","og_site_name":"Maintenance, Repair and Overhaul","article_modified_time":"2025-04-03T11:33:01+00:00","og_image":[{"url":"https:\/\/www.goriziane.it\/mro\/wp-content\/uploads\/sites\/2\/2024\/12\/capacita-mro-1.jpg","type":"","width":"","height":""}],"twitter_card":"summary_large_image","twitter_misc":{"Tempo di lettura stimato":"2 minuti"},"schema":{"@context":"https:\/\/schema.org","@graph":[{"@type":"WebPage","@id":"https:\/\/www.goriziane.it\/mro\/competenze\/","url":"https:\/\/www.goriziane.it\/mro\/competenze\/","name":"Competenze - Maintenance, Repair and Overhaul","isPartOf":{"@id":"https:\/\/www.goriziane.it\/mro\/#website"},"primaryImageOfPage":{"@id":"https:\/\/www.goriziane.it\/mro\/competenze\/#primaryimage"},"image":{"@id":"https:\/\/www.goriziane.it\/mro\/competenze\/#primaryimage"},"thumbnailUrl":"https:\/\/www.goriziane.it\/mro\/wp-content\/uploads\/sites\/2\/2024\/12\/capacita-mro-1.jpg","datePublished":"2024-12-20T13:51:32+00:00","dateModified":"2025-04-03T11:33:01+00:00","breadcrumb":{"@id":"https:\/\/www.goriziane.it\/mro\/competenze\/#breadcrumb"},"inLanguage":"it-IT","potentialAction":[{"@type":"ReadAction","target":["https:\/\/www.goriziane.it\/mro\/competenze\/"]}]},{"@type":"ImageObject","inLanguage":"it-IT","@id":"https:\/\/www.goriziane.it\/mro\/competenze\/#primaryimage","url":"https:\/\/www.goriziane.it\/mro\/wp-content\/uploads\/sites\/2\/2024\/12\/capacita-mro-1.jpg","contentUrl":"https:\/\/www.goriziane.it\/mro\/wp-content\/uploads\/sites\/2\/2024\/12\/capacita-mro-1.jpg","width":1352,"height":511},{"@type":"BreadcrumbList","@id":"https:\/\/www.goriziane.it\/mro\/competenze\/#breadcrumb","itemListElement":[{"@type":"ListItem","position":1,"name":"Home","item":"https:\/\/www.goriziane.it\/mro\/"},{"@type":"ListItem","position":2,"name":"Competenze"}]},{"@type":"WebSite","@id":"https:\/\/www.goriziane.it\/mro\/#website","url":"https:\/\/www.goriziane.it\/mro\/","name":"Maintenance, Repair and Overhaul","description":"","potentialAction":[{"@type":"SearchAction","target":{"@type":"EntryPoint","urlTemplate":"https:\/\/www.goriziane.it\/mro\/?s={search_term_string}"},"query-input":{"@type":"PropertyValueSpecification","valueRequired":true,"valueName":"search_term_string"}}],"inLanguage":"it-IT"}]}},"_links":{"self":[{"href":"https:\/\/www.goriziane.it\/mro\/wp-json\/wp\/v2\/pages\/9364"}],"collection":[{"href":"https:\/\/www.goriziane.it\/mro\/wp-json\/wp\/v2\/pages"}],"about":[{"href":"https:\/\/www.goriziane.it\/mro\/wp-json\/wp\/v2\/types\/page"}],"author":[{"embeddable":true,"href":"https:\/\/www.goriziane.it\/mro\/wp-json\/wp\/v2\/users\/1"}],"replies":[{"embeddable":true,"href":"https:\/\/www.goriziane.it\/mro\/wp-json\/wp\/v2\/comments?post=9364"}],"version-history":[{"count":44,"href":"https:\/\/www.goriziane.it\/mro\/wp-json\/wp\/v2\/pages\/9364\/revisions"}],"predecessor-version":[{"id":9986,"href":"https:\/\/www.goriziane.it\/mro\/wp-json\/wp\/v2\/pages\/9364\/revisions\/9986"}],"wp:attachment":[{"href":"https:\/\/www.goriziane.it\/mro\/wp-json\/wp\/v2\/media?parent=9364"}],"curies":[{"name":"wp","href":"https:\/\/api.w.org\/{rel}","templated":true}]}}